*q + 6*q. Let f = 1 - -2. Determine h(f).
-2
Let o(n) = -n**3 - 2*n**2 - 4*n - 5. Let m = 10 + -12. Let r be o(m). Let b(t) = t**3 - 4*t**2 + 4*t - 4. Calculate b(r).
-1
Let c(r) = 4*r**2 - 1. Let t = -21 + 13. Let n = t + 9. Determine c(n).
3
Let t(g) = -9*g + 3*g + 0*g - 3 - g**2 + 3*g. Suppose -3*q = -7*q - 20. Let s = q - -2. Calculate t(s).
-3
Let n(z) = -z - 8. Let t be n(-11). Suppose -t + 7 = -4*b. Let w(f) = -8*f**3 + f**2. Determine w(b).
9
Let l(f) = 2*f - 3. Suppose 4*t + 4*p = -8, 3*t + 4*p + 15 = 6. Let n = t - -3. Let r = -2 + n. Give l(r).
1
Let c(w) be the first derivative of 3*w**2/2 - 3*w - 1. Suppose -68 = 14*j - 31*j. What is c(j)?
9
Let t(u) = u - 1. Let p be 3*(4/12)/1. What is t(p)?
0
Let m(y) = 7 + 0*y**2 - 10 + y**2. What is m(-4)?
13
Suppose g + 2 = 11. Let c(l) = -3*l - 4 - g*l + 7*l + l**2. Give c(5).
-4
Let c(z) = z**3 + 3*z**2 + 3*z + 4. Let i(v) = v**2 + 5*v - 9. Let b be i(-6). Give c(b).
-5
Let s(d) = d**3 - 4*d**2 + 5*d + 4. Let a(g) = -2*g**3 + 3*g**2 - 4*g - 3. Let f(z) = -5*a(z) - 4*s(z). What is f(-1)?
-6
Let c(u) = u**2 - 4*u + 7*u**2 - 10*u**2. Suppose -2*w - 8 + 2 = 0. Calculate c(w).
-6
Let d be 0/(-1) - (-2 + 1). Let l be 6/5*(5 + 0). Let y(u) = -7*u + 6. Let s(q) = 13*q - 11. Let j(p) = l*s(p) + 11*y(p). What is j(d)?
1
Let k(r) = 6*r**2 + 3*r + 7. Let l(s) = -s**2 + s - 1. Let x(h) = -k(h) - 5*l(h). Calculate x(-7).
5
Let u(m) = -m**3 - 6*m**2 - 2*m + 4. Let p(o) = o**2 - 12*o + 5. Let f be p(11). Give u(f).
16
Let u(v) be the third derivative of v**6/120 - 7*v**5/60 - v**3/6 - 5*v**2. Give u(7).
-1
Let f(v) be the first derivative of -v**2 - 2*v + 7. What is f(8)?
-18
Let b(o) = -9*o. Let l be 8/(-12) + (-2)/6. Give b(l).
9
Let o(s) = 0 + 0 - 7*s + 1. Let m(n) = -n**3 + n**2 + n. Let k be m(-1). Calculate o(k).
-6
Let q(n) = 4. Let u(k) = 0 + 7*k + 3 - 8*k. Let w(z) = 2*q(z) - 3*u(z). Give w(-2).
-7
Let r be ((-6)/4)/(1/(-2)). Let h(s) = -1 - 2*s**2 + 0*s**3 - 4*s**3 + 4*s + 3*s**r. Give h(-3).
-4
Let y(g) be the third derivative of -1/6*g**3 + 0*g + 7/60*g**5 + g**2 + 0 - 1/120*g**6 - 7/24*g**4. Calculate y(6).
-7
Suppose -5*r = 14 - 29. Let l(u) = -u**3 + 4*u**2 - 2*u. What is l(r)?
3
Let z(x) be the first derivative of -5 + 2*x + 1/2*x**2. Determine z(-3).
-1
Let o be -3 - -5 - 9/3. Let v(a) = -3 - a + 3*a**2 - a + 2. Calculate v(o).
4
Let p be 0/2 - (-4 + 0). Let k be p + 0/(-1) + 0. Let r(u) = -64 + 4*u**3 + 4*u - 5*u**2 + 65 - 3*u**3. What is r(k)?
1
Let h(j) = -j**2 + 9. Let v = 6 - 5. Let z be v/(-1) + 1 - 0. Give h(z).
9
Let w(r) = 4*r - 2. Let n = 27 + -22. Suppose 5*d - 12 = -c + 10, -5*c = 3*d. Suppose -5 = -d*f + n. What is w(f)?
6
Let j(q) = q - 4. Let f(c) = -c + 1. Let k(m) = 2*f(m) + j(m). Let z(h) = h - 10. Let w(u) = 1. Let g(r) = 6*w(r) + z(r). Let t be g(2). What is k(t)?
0
Let c = -11 + 15. Let i(t) = 3 - 4*t + 4 + 1 - c. Give i(3).
-8
Let v(s) = -2*s**2 + s + 1. Let q be v(-2). Let a(k) = k**2 + 10*k + 1. What is a(q)?
-8
Suppose -s - 14 = -3*j + 3*s, -20 = -3*j - 2*s. Let t(x) = 0*x + j*x + 3 - x**2 - x. Let m be 0/(-2) + 3 - -2. Calculate t(m).
3
Let i = 4 + -3. Let z be 0/((i/(-1))/(-1)). Let l(u) = -u + u**3 + 5 - 4*u**2 + 4*u**2. Determine l(z).
5
Let s(r) = 4*r**2 + 2*r + 1. Let d = 12 + -13. Calculate s(d).
3
Suppose 0 = -u - 2. Let k(f) = -f - 1. Determine k(u).
1
Let h(o) = 2*o**2 + o. Let t = -9 - -14. Let k = t + -5. Suppose -5*x + 3*x - 2 = k. Calculate h(x).
1
Let y be 42/8 + 2/(-8). Suppose y - 2 = s. Let h(z) = -z - s*z + 4*z + 5 - z. Determine h(6).
-1
Suppose 8*j - 70 = -14. Let t(s) = s**2 - 8*s - 1. What is t(j)?
-8
Let r(j) = -3*j**2 - 2*j - 9. Let x(o) = -10*o**2 - 7*o - 28. Let l(t) = -7*r(t) + 2*x(t). Suppose 0 = 2*c - 5*c. Determine l(c).
7
Let x(z) = -z**2 + 2*z + 4. Suppose -2*g + 5*g = 24. Suppose 3*b - 4*c = 84, 2*b = -2*c + 34 + g. Suppose -5*h - b = -n, 2*n + n - 20 = 2*h. Give x(n).
-4
Let a(x) = 12 - 7*x**2 - 4 - 5*x**3 + 4*x**3. Give a(-7).
8
Let n(r) = -r + 2. Let u(x) = -2*x + 3. Let q(l) = -5*n(l) + 3*u(l). Let d(b) = 1 - 3*b + 0*b + 4*b. Let k be d(1). Give q(k).
-3
Suppose 3*n - 2*n - 5 = 0. Let c(x) = 3*x - n*x + 2*x + 2*x - 8. Let m(z) = -2*z. Let k be m(-3). Give c(k).
4
Let b = 16 - 43/3. Let f(a) be the third derivative of 3*a**2 + 0*a**5 + 0 - 1/120*a**6 + 1/24*a**4 + 0*a - b*a**3. Determine f(0).
-10
Suppose -5*t = -3*l + 11, l + t + 1 = 2. Suppose 4*g = -5*i + 30, -i - 15 = -4*g + 3. Let m(x) = 0 + 2 + x**3 - 3*x**3 + x**i + x**3. Calculate m(l).
-2
Let n be (-24)/(-15) - ((-48)/20)/6. Let c(v) be the first derivative of n*v + 1 - 1/4*v**4 + 4/3*v**3 - v**2. Give c(2).
6
Let a = -49 - -44. Let r(i) = -i - 2. What is r(a)?
3
Let m be (-1)/(-4) + 3/4. Let v(f) = -m - f + f - f. Let i(q) = -q + 5. Let d be i(9). What is v(d)?
3
Let k(b) = -3*b**2 + 3*b. Let z(w) = 7*w**2 - 7*w - 1. Let m be ((-6)/3)/2*-2. Let t(h) = m*z(h) + 5*k(h). Give t(0).
-2
Let w(d) = -4*d + 3 - 2*d**2 + d**2 + 1. Suppose 0 = -0*s - s. Suppose -7*j + 2*j - k = 13, 4*j - 4*k + 20 = s. Determine w(j).
7
Let a(y) = y**2 + y + 2. Let d be a(3). Let f be (-7)/(-35) + d/5. Let t(c) = -3*c**2 - 1 - c - f*c + c + 0. What is t(-2)?
-7
Suppose 0 = -4*p - p + 10. Let z(a) be the second derivative of -1/20*a**5 - 5/12*a**4 + 0 + 0*a**3 - a + a**p. Give z(-5).
2
Let p(w) be the first derivative of w**2/2 - w - 14. Determine p(0).
-1
Let t(m) = -2 + m + 2 - 3 + m. Let q(f) = -f**2 + 8*f - 7. Let p be q(7). Let n be -1 - (-5 - (-2 - p)). Determine t(n).
1
Let o(r) be the third derivative of -r**4/8 - r**3/6 + 2*r**2. Let u(n) = 3*n - 4. Let d be u(2). Calculate o(d).
-7
Let h(r) be the third derivative of r**5/20 + r**4/24 + 4*r**2. Give h(-2).
10
Let j(d) = -d + 2. Let r(s) = 6*s - 12. Let b(q) = -5*j(q) - r(q). Suppose g + 0*c = -c + 11, -g - 2*c + 16 = 0. What is b(g)?
-4
Let k(h) = h**2 - 6*h + 4. Let t(x) = -x - 2. Let u be (-1)/((-26)/14 + 2). Let y be t(u). Give k(y).
-1
Let l(z) = -6*z + 2. Let b(i) = 5*i - 2. Let m(y) = -y**3 - y**2. Let a be m(-2). Let u(g) = a*l(g) + 5*b(g). Calculate u(-7).
-9
Let s(b) = -b + 6. Let t be s(3). Let z(d) = -d + d**2 + 2*d + d**t + 0*d**3. Suppose u + 4*p + 11 = -p, 0 = -2*u - p - 4. Give z(u).
-1
Suppose -5*h + 3 = -2*h. Let a(f) = 7*f**2 - 6*f**2 + 2 - f - h. What is a(1)?
1
Let b(v) = 67*v**2 - 66*v**2 + 2 + 2 - 5 + v. Determine b(-3).
5
Let i(x) = x**3 - 8*x**2 + 8*x - 2. Let z be 12/20 + (-128)/(-20). Calculate i(z).
5
Let g(q) = q**2 - 7*q + 2. Let m be g(6). Let u(f) = -6*f**2 - f**3 + f**2 + 30*f - 35*f. Calculate u(m).
4
Let i(v) = -v**3 - 8*v**2 - 8*v - 6. Let x be i(-7). Let n(l) = -2 - x + l - 1. What is n(5)?
1
Let i(g) = -g**3 + g**2 + g + 1. Let f(r) = -r**3 - 5*r**2 + r - 1. Let m(b) = f(b) - 2*i(b). Give m(7).
-10
Let n(i) = i**2 - i. Let z be n(-1). Let g(f) = 5*f**2 + 1 + 0 - 2 + z. Give g(-1).
6
Let t(s) = -s**2 + 7*s - 7. Let j be t(6). Let r = 0 - j. Let x(b) = 4*b**3. Give x(r).
4
Let x(a) = -a**2 + a - 1. Let c(v) = 3*v**2 - 5*v + 4. Let w(f) = -c(f) - 4*x(f). What is w(3)?
12
Suppose 0 = -s + 3*f + 12, 6 = 3*s + 3*f + 30. Suppose 2*w + 40 = 7*w. Let h(l) = -w*l + 4 + 3*l + 4*l. What is h(s)?
7
Let y(d) = d**2 + 4*d - 7. Let b(z) = 4*z**2 + 2*z - 1. Let g be b(1). Suppose g + 0 = -l. What is y(l)?
-2
Let a(f) = -f - 4. Let u(z) be the first derivative of z**3/3 - 9*z**2/2 + 11*z + 1. Let m be u(8). Determine a(m).
-7
Let d(h) = -18*h - 6. Let f(r) = -4*r - 1. Let x(v) = 5*d(v) - 24*f(v). Calculate x(4).
18
Let i be 28/7 - 8*1. Let g(v) = -5*v**3 - 10*v**2 - 6*v - 5. Let b(m) = -4*m**3 - 9*m**2 - 6*m - 5. Let j(k) = i*b(k) + 3*g(k). What is j(-4)?
13
Suppose 3*h - 6*h = 0. Suppose h = 6*o - 2*o + 4. Let i(z) be the second derivative of z**4/6 - 2*z. Calculate i(o).
2
Suppose 2*g - 2*l = -4*l + 22, -g + 2*l = 4. Let v(k) = k**3 - 6*k**2 + 2*k - 8. What is v(g)?
4
Let r(j) = j + 8. Let f be r(0). Let t(d) = -2*d**2 - 3*d - 5. Let q(o) = 6*o**2 + 8*o + 14. Let h(g) = f*t(g) + 3*q(g). Determine h(2).
10
Let t(h) = 0 + 2 + 2*h**2 + 3*h - h**2 + h. Suppose 0 = 5*u + 13 + 2. What is t(u)?
-1
Suppose 0 = w + 1, d - 2*d - 2 = -w. Let m(f) be the third derivative of f**5/60 + f**4/6 + 2*f**3/3 - 2*f**2. Calculate m(d).
1
Suppose 4*g + 3*d - 10 = 0, d + 4*d = 2*g + 8. Suppose -3*t + 9 = l, -2 = t - l - g. Let o(z) =